, 461, 16831
List the prime factors of 813929.
331, 2459
What are the prime factors of 3822337?
449, 8513
List the prime factors of 85292.
2, 21323
What are the prime factors of 48520?
2, 5, 1213
What are the prime factors of 5721356?
2, 19, 83, 907
List the prime factors of 753564.
2, 3, 7, 8971
What are the prime factors of 58811?
23, 2557
What are the prime factors of 317734?
2, 158867
What are the prime factors of 908862?
2, 3, 151477
What are the prime factors of 576890?
2, 5, 57689
List the prime factors of 1918527.
3, 13, 49193
What are the prime factors of 174205?
5, 34841
What are the prime factors of 269790?
2, 3, 5, 17, 23
What are the prime factors of 245727?
3, 19, 479
List the prime factors of 1178529.
3, 11, 71, 503
What are the prime factors of 13739053?
2659, 5167
List the prime factors of 1687656.
2, 3, 19, 3701
What are the prime factors of 806827?
7, 79, 1459
What are the prime factors of 2045715?
3, 5, 7, 19483
List the prime factors of 872506.
2, 436253
What are the prime factors of 2135645?
5, 101, 4229
List the prime factors of 3445709.
113, 30493
What are the prime factors of 328766?
2, 89, 1847
List the prime factors of 943422.
2, 3, 97, 1621
What are the prime factors of 262405?
5, 11, 13, 367
List the prime factors of 11061339.
3, 17, 107, 2027
What are the prime factors of 3686512?
2, 113, 2039
What are the prime factors of 200984?
2, 7, 37, 97
What are the prime factors of 138748?
2, 34687
What are the prime factors of 9918337?
11, 13, 43, 1613
What are the prime factors of 3754072?
2, 7, 43, 1559
List the prime factors of 80175.
3, 5, 1069
What are the prime factors of 1016720?
2, 5, 71, 179
What are the prime factors of 36238?
2, 18119
What are the prime factors of 687266?
2, 113, 3041
List the prime factors of 305576.
2, 38197
What are the prime factors of 4745632?
2, 148301
What are the prime factors of 3161932?
2, 17, 46499
List the prime factors of 18855465.
3, 5, 17, 73943
List the prime factors of 15948.
2, 3, 443
What are the prime factors of 673620?
2, 3, 5, 103, 109
List the prime factors of 24447505.
5, 23, 212587
List the prime factors of 6437686.
2, 3218843
What are the prime factors of 190836?
2, 3, 19, 31
What are the prime factors of 72784?
2, 4549
What are the prime factors of 771940?
2, 5, 13, 2969
What are the prime factors of 2056996?
2, 514249
What are the prime factors of 22333726?
2, 101, 110563
What are the prime factors of 249898?
2, 11, 37, 307
List the prime factors of 6352785.
3, 5, 79, 1787
List the prime factors of 253076.
2, 151, 419
List the prime factors of 285484.
2, 149, 479
What are the prime factors of 57079?
11, 5189
What are the prime factors of 290231?
503, 577
List the prime factors of 20488971.
3, 41, 157, 1061
List the prime factors of 256365.
3, 5, 211
List the prime factors of 1232830.
2, 5, 113, 1091
What are the prime factors of 218658?
2, 3, 11, 3313
What are the prime factors of 30994679?
30994679
What are the prime factors of 755118?
2, 3, 7, 13, 461
What are the prime factors of 2094340?
2, 5, 104717
What are the prime factors of 1796918?
2, 898459
List the prime factors of 1783710.
2, 3, 5, 19819
What are the prime factors of 14767967?
701, 21067
What are the prime factors of 89478?
2, 3, 1657
List the prime factors of 597406.
2, 281, 1063
What are the prime factors of 3958553?
23, 109, 1579
What are the prime factors of 414000?
2, 3, 5, 23
What are the prime factors of 5819391?
3, 23, 9371
List the prime factors of 1344592.
2, 19, 4423
What are the prime factors of 615361?
173, 3557
What are the prime factors of 8305228?
2, 2076307
What are the prime factors of 902332?
2, 225583
List the prime factors of 142312.
2, 17789
List the prime factors of 517066.
2, 11, 19, 1237
What are the prime factors of 16895332?
2, 19, 131, 1697
List the prime factors of 1866053.
7, 269, 991
List the prime factors of 175826.
2, 7, 19, 661
What are the prime factors of 19650007?
13, 1511539
What are the prime factors of 10619014?
2, 7, 758501
What are the prime factors of 7982578?
2, 3991289
List the prime factors of 255250.
2, 5, 1021
What are the prime factors of 6221527?
13, 478579
List the prime factors of 2230420.
2, 5, 111521
List the prime factors of 316061.
113, 2797
List the prime factors of 3685584.
2, 3, 7, 1567
List the prime factors of 663325.
5, 13, 157
What are the prime factors of 38151?
3, 157
What are the prime factors of 9179729?
13, 706133
What are the prime factors of 1720325?
5, 68813
What are the prime factors of 968608?
2, 30269
What are the prime factors of 164125?
5, 13, 101
List the prime factors of 3724683.
3, 17, 199, 367
List the prime factors of 2084170.
2, 5, 11, 18947
List the prime factors of 35925.
3, 5, 479
What are the prime factors of 11606628?
2, 3, 11, 23, 3823
List the prime factors of 1886457.
3, 628819
List the prime factors of 245572.
2, 29, 73
What are the prime factors of 7869502?
2, 3934751
List the prime factors of 17941438.
2, 101, 88819
List the prime factors of 1139058.
2, 3, 63281
What are the prime factors of 105899?
105899
What are the prime factors of 11588399?
1831, 6329
What are the prime factors of 206742?
2, 3, 34457
What are the prime factors of 959844?
2, 3, 79987
What are the prime factors of 466317?
3, 19, 101
List the prime factors of 1496445.
3, 5, 67, 1489
List the prime factors of 295548.
2, 3, 11, 2239
What are the prime factors of 46134?
2, 3, 11, 233
What are the prime factors of 4732764?
2, 3, 521, 757
What are the prime factors of 30836?
2, 13, 593
What are the prime factors of 2807034?
2, 3, 587, 797
List the prime factors of 239874.
2, 3, 39979
What are the prime factors of 755502?
2, 3, 11, 11447
What are the prime factors of 269395?
5, 7, 43, 179
What are the prime factors of 13327?
13327
List the prime factors of 2555658.
2, 3, 7, 6761
List the prime factors of 481108.
2, 120277
List the prime factors of 913233.
3, 304411
List the prime factors of 427273.
7, 11, 31, 179
List the prime factors of 1005729.
3, 523, 641
List the prime factors of 64633.
64633
List the prime factors of 1333535.
5, 7, 5443
List the prime factors of 223841.
223841
List the prime factors of 868090.
2, 5, 47, 1847
List the prime factors of 1807584.
2, 3, 19, 991
List the prime factors of 145796.
2, 7, 41, 127
List the prime factors of 318608.
2, 19913
List the prime factors of 1623910.
2, 5, 162391
List the prime factors of 1858364.
2, 464591
What are the prime factors of 694926?
2, 3, 17, 757
List the prime factors of 7022612.
2, 1755653
List the prime factors of 6429116.
2, 499, 3221
What are the prime factors of 2255151?
3, 751717
List the prime factors of 456692.
2, 29, 31, 127
List the prime factors of 367636.
2, 91909
What are the prime factors of 1066943?
41, 53, 491
What are the prime factors of 155615?
5, 31123
List the prime factors of 483218.
2, 307, 787
What are the prime factors of 3742031?
19, 23, 8563
List the prime factors of 1209572.
2, 7, 13, 3323
What are the prime factors of 3850524?
2, 3, 101, 353
List the prime factors of 1293659.
1293659
What are the prime factors of 5475308?
2, 1368827
List the prime factors of 267557.
267557
List the prime factors of 1716739.
503, 3413
List the prime factors of 11849653.
11849653
List the prime factors of 328179.
3, 139, 787
List the prime factors of 2409794.
2, 787, 1531
List the prime factors of 1279213.
13, 19, 5179
What are the prime factors of 2488408?
2, 13, 71, 337
List the prime factors of 32894843.
32894843
List the prime factors of 6982081.
6982081
What are the prime factors of 279977?
279977
What are the prime factors of 31114?
2, 47, 331
List the prime factors of 6770990.
2, 5, 211, 3209
List the prime factors of 9802544.
2, 71, 8629
What are the prime factors of 480855?
3, 5, 32057
What are the prime factors of 102628?
2, 25657
List the prime factors of 430070.
2, 5, 29, 1483
List the prime factors of 1158657.
3, 386219
What are the prime factors of 19262764?
2, 131, 36761
List the prime factors of 2746442.
2, 251, 5471
List the prime factors of 1454452.
2, 17, 73, 293
What are the prime factors of 5767743?
3, 17, 113093
List the prime factors of 189316.
2, 19, 47, 53
What are the prime factors of 13394438?
2, 6697219
What are the prime factors of 320868?
2